2*w + n = -2. Calculate z(w).
8
Let k(c) = c + 13. Let i(z) = -1. Let s = 2 + -1. Let u be (-11 - -12)/(1/2). Let m(n) = s*k(n) + u*i(n). Give m(0).
11
Suppose 0 = 3*v - 4*v + 2. Let k(q) = -2*q - v*q**3 + q + 3*q**2 - 4*q**2. Let u be ((-1)/((-4)/(-12)) - -4)*-1. Give k(u).
2
Suppose -3*y + r = -2, 4*r - 21 + 7 = y. Let b(d) = -1 - 2 - 6 + y - d. What is b(0)?
-7
Let n be (-3)/2*(-12)/9. Let y(a) = 4 + 4*a**2 - 3*a**n - 2 + a. Suppose 3*g - 6*s = -2*s - 25, 0 = 3*g + 4*s - 7. What is y(g)?
8
Suppose 5*z = 3*z - 4. Let a(h) = 13*h**3 - h**2 - 17. Let q(v) = 3*v**3 - 4. Let n(d) = 2*a(d) - 9*q(d). Calculate n(z).
2
Let w(y) = 2*y - 20. Let a be w(8). Let u(m) be the second derivative of m**5/20 + m**4/3 + m**3/2 + 2*m**2 - m. Calculate u(a).
-8
Let t(p) be the third derivative of p**7/2520 - p**6/240 - p**5/120 + 5*p**4/24 - 6*p**2. Let x(q) be the second derivative of t(q). Calculate x(3).
-1
Let g(m) = m**2 - 6*m + 6. Suppose -3*k + 18 = 3. Give g(k).
1
Suppose 2*y = 5*n - 10, -2*n + 2*y + 3 - 5 = 0. Suppose 0 = 5*w - 29 + n. Suppose -2*v - w = -1. Let o(f) = 5*f. What is o(v)?
-10
Suppose -1 = t - 3. Let u = t - 0. Let m(q) = -q**3 + q**2 - q - 1. Let v(i) = i**3 - 2*i**2 + 6*i - 1. Let b(c) = -2*m(c) - v(c). Calculate b(u).
3
Suppose -11*a + 1 = 45. Let u(o) be the second derivative of -o**3/6 - o**2 - 2*o. Give u(a).
2
Suppose 7 = 2*i - 1. Suppose 12 = 4*v - j, -3*v + i*v - 14 = 3*j. Let c(z) = -1 + 5*z**2 - 2*z**2 + 2*z + 2*z**v. Calculate c(1).
6
Let o(h) = -h**2 + 3*h + 0*h + 5 - 2. What is o(-2)?
-7
Let m(c) = -2*c**3 + 4*c**2 - 2*c - 2. Let x(i) = i**2 - 10*i - 8. Let t be x(10). Let p = -6 - t. What is m(p)?
-6
Let j(o) = o**2 + 4*o + 6. Let n be j(-3). Let x(b) = b**2 - b - 3. Determine x(n).
3
Let m = 13 - 7. Let j(v) = -v**3 - 2*v**2 - v. Let d be j(-2). Let f(l) = 1 - l**3 - 6*l**2 + d*l**3 - 8 + l. What is f(m)?
-1
Let f be (0 + -5)*(-2)/5. Let t(i) = -3 + i - i**f - 2 + 4*i. Determine t(5).
-5
Let u = 173 - 168. Let v(w) be the first derivative of w**3/3 - 2*w**2 - 3*w + 1. What is v(u)?
2
Let p(f) = -5*f**2. Let n = 36 - 37. What is p(n)?
-5
Let l(u) be the first derivative of -3*u**2/2 + 2*u + 1. Determine l(-2).
8
Let h(c) be the second derivative of c**6/360 + c**5/30 - c**4/4 + c. Let u(k) be the third derivative of h(k). What is u(-3)?
-2
Let i(h) = -h**2 + 4*h - 7. Let b be 1/(((-25)/20)/(-5)). What is i(b)?
-7
Let b(z) = z**3 - 9*z**2 + 10*z - 19. Let c be b(8). Suppose -4*y = -3*y. Let k(r) = y + 0 + r - 4*r + 1. Give k(c).
10
Let j be ((-48)/4)/2*1. Let v(p) = -p**2 - 7*p + 4. What is v(j)?
10
Suppose 0*o = -4*t + 2*o, 4*t - o = 2. Let a(r) = -r**3 + 5*r**2 - 2*r - 5. Let b be a(4). Let w(n) = 2*n + b*n**2 - 2*n**3 - 1 - n - 4*n**2. What is w(t)?
-3
Let m be 4/18 + (-172)/(-36). Let o(v) = -v**2 + 5*v - 7. What is o(m)?
-7
Let m(i) = -i + 9. Suppose 5*q - 10 = 5. Suppose -3*y - q*s + 15 = 0, -2*y - 15 = -0*y - 3*s. Calculate m(y).
9
Let u be (4/(-12))/((-2)/6). Let n be 2/(-3) - (-64)/6. Suppose -3*j - k + n = 4, -4*j = -k - u. Let v(f) = 4*f**3 - f**2 + 1. Calculate v(j).
4
Let i = -45 + 45. Let s(z) = z**2 + z + 9. Calculate s(i).
9
Let p(g) = -g**3 + 3*g**2 + 8*g - 3. Suppose 5*z - 20 - 20 = 0. Let t be 5/(3 - z/4). Determine p(t).
-13
Let q(s) = -s**2 - 7*s - 5. Suppose 5*a - 13*a = 56. Determine q(a).
-5
Let g(p) = -p**3 + 4*p**2 - 2*p + 1. Let w be g(3). Suppose 0 = 2*k - l + 2*l + 8, 0 = w*k + 3*l + 16. Let f = -2 - k. Let r(m) = -5*m + 2. Determine r(f).
-8
Let g(i) = -2 + 2*i - 3*i + 8. Let n(h) = 2*h + 5. Let w be n(-6). Let y(r) = r**2 + 6*r - 7. Let b be y(w). Give g(b).
6
Let h be 1/(-4) - (-3)/12. Suppose h = -5*z - 8 - 17. Let o(b) = -b**2 - 4*b + 5. Give o(z).
0
Let i(b) = -b. Let k(o) = o**3 + 4*o**2 - 4. Let w = 9 - 13. Let z be k(w). Let v be i(z). Let h(s) = -s**2 + 2*s + 1. What is h(v)?
-7
Let b(u) be the third derivative of -7/6*u**3 + 0*u + 4*u**2 + 0 + 1/12*u**4. Determine b(6).
5
Let d(t) = 44*t + 24. Let m(f) = 9*f + 5. Let i(o) = -5*d(o) + 24*m(o). Let w be 0/2 + (-1 - -2). Let h = -2 + w. What is i(h)?
4
Let w(q) be the first derivative of q**2 - 4. Determine w(4).
8
Let b(s) = -3*s**3 - 16*s**2 - s - 19. Let l(a) = -2*a**3 - 11*a**2 - a - 13. Let g(p) = 5*b(p) - 7*l(p). Let o be 3*(0 - 4/3). Calculate g(o).
4
Let o(c) be the second derivative of c**4/12 + c**3/2 + 2*c**2 + 18*c. Let u = 3 - 7. Calculate o(u).
8
Let j(t) = -3*t**2 + t + 4*t**2 - 2*t**3 + 3*t**3. Let z(q) = -q**3 - 2*q**2 + 1. Let i = -1 - 0. Let u be z(i). What is j(u)?
0
Suppose -b - 4*z - 4 = b, 5*b - 3*z + 36 = 0. Let o(x) = x**3 + 6*x**2 - 2*x - 4. What is o(b)?
8
Suppose -56 = x + 3*x. Let i = -20 - x. Let n(o) = -o - 3. Give n(i).
3
Let b(g) be the first derivative of -g**3/6 - g**2/2 - g + 2. Let c(k) be the first derivative of b(k). Calculate c(-6).
5
Let i(t) = t**2 + 3*t - 4. Let r = -3 - -7. Suppose -7 + r = d. Give i(d).
-4
Let q(x) = -36 - 69 + 2*x**2 + 106. Let u(t) = -t**2 - 4*t - 1. Let c be u(-3). What is q(c)?
9
Let b(w) be the first derivative of -w**3/3 + 5*w**2/2 + 5*w + 6. Determine b(7).
-9
Let b(l) = l - 3. Let z be b(7). Suppose 0 = z*m - 5*w - 22, -m = 2*w + 3*w + 7. Let s(g) = g**2 - 5*g. Calculate s(m).
-6
Suppose z - 6 = 4*z - 3*a, -5*a = 5*z - 10. Let x(b) = z*b - 2 - b + b**3 + 3. Give x(1).
1
Suppose 3*o - 3 = -12. Let a(n) = -2 - 2*n - n + n. What is a(o)?
4
Let x be (-4)/2*((-60)/(-8) - 5). Let a(d) = -d - 2. Determine a(x).
3
Let m(u) = -u - 7. Let x(p) = -p**3 + 10*p**2 - 1 - 5*p**2 - p - 4*p + 0*p**3. Suppose q + 1 = -s, -2*q + q - 17 = -3*s. Let i be x(s). Calculate m(i).
-2
Let y(a) = 16*a**2 + 24*a + 21. Let q(r) = 3*r**2 + 5*r + 4. Let w(l) = 11*q(l) - 2*y(l). Let b be w(-7). Let u(i) = 3*i + 3 - b*i - 4. What is u(0)?
-1
Let h(i) = -3*i**2 + 2*i + 4. Let n = -23 - -26. Calculate h(n).
-17
Let h(k) = k**3 - 6*k**2. Let d(p) = -p**3 + 5*p**2 + 3*p + 4. Let n(u) = -u - 1. Let g(r) = d(r) + 3*n(r). Let j(o) = -5*g(o) - 4*h(o). Calculate j(0).
-5
Let b be (-5)/((-5)/7) + -1. Let j(t) be the third derivative of 1/120*t**b + 0 + 0*t**4 - 3*t**2 + 1/6*t**3 - 1/15*t**5 + 0*t. What is j(3)?
-8
Let o = -1 - -3. Let g(k) = -11*k + o - 2 + 1 + 3*k. Let t = -2 - -3. Determine g(t).
-7
Let x(z) be the second derivative of -z**5/20 - z**4/6 - z**3/6 + 2*z**2 - 33*z + 2. Calculate x(-3).
16
Let i(v) be the first derivative of -v**2/2 + v + 7. Calculate i(4).
-3
Let p(f) = f**2 - 5*f - 3. Suppose -b + 5*i - 8 = b, 12 = 3*i. Suppose 0 = -4*t - 5*q + b, -6*q = 2*t - 2*q. Determine p(t).
-7
Suppose -t - 5 = 4*r - 2*r, -4*r + 8 = -4*t. Let w = -4 + r. Let f(z) = -z**2 - 5*z + 5. Determine f(w).
5
Let j(n) = 11*n**2 - 19*n + 8. Let g(m) = -5*m**2 + 9*m - 4. Let s(d) = -9*g(d) - 4*j(d). Calculate s(4).
0
Let b(o) = 4*o + 4. Let i(w) = 12*w + 12. Let l(z) = -14*b(z) + 5*i(z). Let v(d) = 3*d + 5. Let r(j) = 2*l(j) - 3*v(j). Suppose -u + 0*u - 5 = 0. What is r(u)?
-2
Suppose 30 = 5*v - 3*p, 3*v - v - 5*p = 31. Let l(q) = -5 + 7*q - v*q + 5. Give l(1).
4
Let l(c) be the second derivative of 0 - 1/2*c**4 - 2*c + 3*c**2 + 1/20*c**5 + 5/6*c**3. Calculate l(5).
6
Let z be (10/4)/((-1)/(-2)). Suppose -1 = z*i - 21. Let g(d) = -d**2 + 6*d - 4. Give g(i).
4
Let q(o) = -5*o + 36. Let j be q(8). Let m(h) be the second derivative of -h**5/20 - 5*h**4/12 - h**3/3 + 5*h**2/2 + h. Calculate m(j).
-3
Let x(o) = -o + o - o**2 + 2 - 3 - 4*o. Give x(-3).
2
Let c(k) = 4*k - 29. Let v be c(8). Let m(q) be the third derivative of 0 + 0*q - 1/6*q**v + 3*q**2 - 1/30*q**5 + 0*q**4. Calculate m(1).
-3
Suppose 2*p = 4, 3*l - 2*p = p + 6. Let o(f) = -f + 5. What is o(l)?
1
Let k be (2 + -2)/(3 - 1). Suppose -t + 5*z + 17 = k, -2*z = 2*t - 0*z + 14. Let s(x) = 0*x**3 - x**3 + 4 + 3*x + 0*x**3 - 2*x**2. Determine s(t).
4
Suppose -4 = 4*q + 2*g, 2*g + 17 = q - 2*g. Let l(h) = -5*h**2 + h - 1. Give l(q).
-5
Let i(m) be the third derivative of -5*m**4/8 + 7*m**2. What is i(-1)?
15
Let f(i) be the third derivative of 0*i + 0*i**3 + 0 + 1/120*i**6 - 2*i**2 - 7/24*i**4 + 1/12*i**5. Give f(-6).
6
Let b(v) = v**2 - 4. Let u(w) = -3*w**2 + 8. Let k(g) = 5*b(g) + 2*u(g). Let p(t) = -t**2 + 3*t. Let x be p(3). Determine k(x).
-4
Let x(m) = -4*m**2 + 2*m - 1. Suppose -b - 4*b = 2*l + 8, -3*l - 5 = 4*b. What is x(l)?
-3
Let t(d) = d + 1. Let z(